{"id":76,"date":"2017-09-02T09:39:57","date_gmt":"2017-09-02T09:39:57","guid":{"rendered":"http:\/\/lichtplanung-plus.de\/?page_id=76"},"modified":"2024-08-09T08:34:26","modified_gmt":"2024-08-09T08:34:26","slug":"lichtkunstwerke","status":"publish","type":"page","link":"https:\/\/lichtplanung-plus.de\/?page_id=76","title":{"rendered":"Lichtkunstwerke &#038; Technik zur Miete"},"content":{"rendered":"<h1>Lichtkunstwerke<\/h1>\n<p>Sie suchen das Besondere f\u00fcr Ihr Jubil\u00e4um, Ihre Geburtstags- oder Hochzeitsfeier? Dann mieten Sie eines der Lichtkunstwerke, die kreative K\u00f6pfe f\u00fcr das Kronacher Lichtfestival geschaffen haben. Die Auswahl ist gro\u00df, die Lichtdesign-Objekte so unterschiedlich, dass f\u00fcr jeden Geschmack etwas dabei ist: von klein bis riesig, von schlicht bis bunt. Gerne illuminieren wir auch die Umgebung des Kunstwerks. Zum Service geh\u00f6ren Lieferung, Auf- und Abbau.<\/p>\n<h1>Eventtechnik zur Miete<\/h1>\n<p>Preise auf Anfrage. Kosten je nach Mietdauer.<\/p>\n<p>Abholung oder Transport m\u00f6glich, nach Vereinbarung.<\/p>\n<h1><strong>Den aktuellen Katalog Kunst und Miettechnik k\u00f6nnen Sie gerne per Mail anfordern.<\/strong><\/h1>\n<p>\u00a0<\/p>\n\n\n<p><\/p>\n","protected":false},"excerpt":{"rendered":"<p>Lichtkunstwerke Sie suchen das Besondere f\u00fcr Ihr Jubil\u00e4um, Ihre Geburtstags- oder Hochzeitsfeier? Dann mieten Sie eines der Lichtkunstwerke, die kreative K\u00f6pfe f\u00fcr das Kronacher Lichtfestival geschaffen haben. Die Auswahl ist gro\u00df, die Lichtdesign-Objekte so unterschiedlich, dass f\u00fcr jeden Geschmack etwas dabei ist: von klein bis riesig, von schlicht bis bunt. Gerne illuminieren wir auch die &hellip; <\/p>\n<p class=\"link-more\"><a href=\"https:\/\/lichtplanung-plus.de\/?page_id=76\" class=\"more-link\"><span class=\"screen-reader-text\">\u201eLichtkunstwerke &#038; Technik zur Miete\u201c<\/span> weiterlesen<\/a><\/p>\n","protected":false},"author":1,"featured_media":0,"parent":0,"menu_order":205,"comment_status":"closed","ping_status":"closed","template":"","meta":{"footnotes":""},"class_list":["post-76","page","type-page","status-publish","hentry"],"_links":{"self":[{"href":"https:\/\/lichtplanung-plus.de\/index.php?rest_route=\/wp\/v2\/pages\/76","targetHints":{"allow":["GET"]}}],"collection":[{"href":"https:\/\/lichtplanung-plus.de\/index.php?rest_route=\/wp\/v2\/pages"}],"about":[{"href":"https:\/\/lichtplanung-plus.de\/index.php?rest_route=\/wp\/v2\/types\/page"}],"author":[{"embeddable":true,"href":"https:\/\/lichtplanung-plus.de\/index.php?rest_route=\/wp\/v2\/users\/1"}],"replies":[{"embeddable":true,"href":"https:\/\/lichtplanung-plus.de\/index.php?rest_route=%2Fwp%2Fv2%2Fcomments&post=76"}],"version-history":[{"count":5,"href":"https:\/\/lichtplanung-plus.de\/index.php?rest_route=\/wp\/v2\/pages\/76\/revisions"}],"predecessor-version":[{"id":1546,"href":"https:\/\/lichtplanung-plus.de\/index.php?rest_route=\/wp\/v2\/pages\/76\/revisions\/1546"}],"wp:attachment":[{"href":"https:\/\/lichtplanung-plus.de\/index.php?rest_route=%2Fwp%2Fv2%2Fmedia&parent=76"}],"curies":[{"name":"wp","href":"https:\/\/api.w.org\/{rel}","templated":true}]}}